Let z(j) = j**2 - j + 3. Calculate z(l).
3
Let m(g) be the third derivative of g**6/120 - g**5/15 + g**4/6 + 3*g**2. Let v be m(3). Let a(q) be the first derivative of -q**2 + 3*q - 2. What is a(v)?
-3
Let m(c) = 2*c - 26. Let n be m(15). Let p(z) be the third derivative of 0*z - 2/3*z**3 + 0 + 1/12*z**n + 1/60*z**5 - z**2. Calculate p(-3).
-1
Let t(s) = s. Suppose 2 = -v + 3. Let x = -16 - -13. Let m = x - v. What is t(m)?
-4
Let v = -137 - -1649/12. Let z(g) be the second derivative of 0*g**2 - 1/6*g**3 + 0 - g + v*g**4. Give z(1).
4
Let a = -2 - 3. Let g be 32/20 + (-2)/a. Let d(c) = g - 1 + 1 - c. Determine d(0).
2
Let t(r) be the second derivative of -2*r**5/5 - r**3/3 - r**2/2 - 3*r. Calculate t(-1).
9
Let n(x) be the third derivative of x**6/120 - x**4/24 + x**3/6 + x**2. Give n(-2).
-5
Let i(h) be the third derivative of -h**8/20160 + h**7/5040 - h**6/720 + h**5/30 - 7*h**2. Let d(g) be the third derivative of i(g). What is d(1)?
-1
Let p(y) = 14 - y + 6 - 7. Determine p(0).
13
Let j be (2/4 - -2)/(9 - -3). Let u(s) be the third derivative of 0 + 1/60*s**5 + 1/6*s**3 + 0*s - 3*s**2 + j*s**4. Calculate u(-2).
-5
Let x(v) = -3*v**3 - 6*v**2 - v + 6. Let j(b) = 13*b**3 + 24*b**2 + 5*b - 25. Let q(u) = -2*j(u) - 9*x(u). Give q(-6).
2
Let c be (6/9)/((-2)/(-6)). Let x(w) = -9*w + 12*w + 3 - c*w. Let g = -3 - -3. Calculate x(g).
3
Suppose -i - 3*i = 5*v - 14, 3*i = -12. Suppose 2*z = v, -2*w = z - 2 + 1. Let c(h) be the second derivative of -7*h**3/6 + h**2/2 - 5*h. What is c(w)?
8
Suppose 3*f = -2*f. Suppose -2*z = -s + 1, z + 4 = -3*s - f. Let b(a) = -6*a**3 + a**2 + a. Determine b(s).
6
Let j(z) = -z**2 + 3. Let y be ((-2)/(-6) - 1)*(-9)/(-2). Determine j(y).
-6
Let t(p) = -5*p**2 + p. Let y(u) = u**2 - 4*u + 4. Let d be y(4). Let r = 7 + -2. Suppose -3*k - r*l + 14 = k, 10 = d*k + 3*l. What is t(k)?
-4
Let a(v) = -v - 3. Let f(g) = g**2 + 8*g - 5. Let z be f(-8). Give a(z).
2
Let d(f) = -10*f + 3. Let l be d(1). Let c(k) = 2*k + 3. What is c(l)?
-11
Let h(i) be the first derivative of -i**3/3 - 3*i**2 - 6. Calculate h(-3).
9
Let q(y) = -2*y**2 + 0*y**2 + y**2 + 3. Suppose 5*i + 5*u = u + 13, -5*i - 1 = -3*u. Suppose i = -2*h - 5. Calculate q(h).
-6
Suppose 6*r = 2*r + 5*o + 32, 0 = 4*r + 2*o - 4. Let a be (-10)/r*(-3)/2. Let d(p) = p**3 - 4*p**2 - 4*p - 2. Give d(a).
3
Let l be 4/(-6)*3/2. Let p be (1 - 0)*l + 1. Suppose -2*j + 6 = 3*y, y - 2*y - 2 = p. Let a(m) = -m + 4. Determine a(j).
-2
Let f(x) = x**3 + 10*x**2 + 10*x + 10. Let n be f(-9). Suppose -b + 5 = -n. Let j(r) = -r. Determine j(b).
-6
Let i(q) = -q**2 + 6*q + 2. Let b(h) be the second derivative of -5/2*h**2 + 1/3*h**3 + 0 - h. Let d be b(5). Give i(d).
7
Let t be 3/(-3) - (-4 - -2). Let i(y) = y**3 - 8*y**2 + 6*y + 9. Let h be i(7). Let j(a) = t - h*a**3 - a**2 + a**2 + a**3. Determine j(-1).
2
Let g(u) = u**3 - u**2 + 4. Let v(h) = h**3 + 0*h**2 + 3*h**2 + 0*h - 4 - 2*h. Let o be v(-3). Suppose k = o*k. Calculate g(k).
4
Let x(j) = 18*j**2 + 8*j + j**3 + 0*j**3 - 39*j**2 + 30*j**2. Determine x(-8).
0
Let i = -4 - -10. Let y(z) = z**3 - z**2 + z + 1. Let q(b) = -7*b**3 + 11*b**2 - 6*b - 10. Let t(f) = i*y(f) + q(f). Calculate t(5).
-4
Suppose -3*x + 4*f = 2*f + 4, 0 = -5*f - 20. Let o(h) = -3*h + 1. Give o(x).
13
Let v(b) = 5*b**3 + 11*b**2 - 2. Let l(j) be the first derivative of 9*j**4/4 + 7*j**3 + j**2/2 - 4*j + 2. Let d(a) = 6*l(a) - 11*v(a). Give d(6).
-2
Suppose -3 = 3*d + 2*j - 2, 0 = d + 5*j + 22. Let p(u) = -3*u**2 + 8*u - 3 - 2 + 2*u**2 + d. What is p(7)?
5
Let h(z) = 2*z**3 - z. Let n be h(1). Let t(p) = n - 4 + 4 + 0 + 2*p. Give t(1).
3
Let a = 23 + -14. Suppose r + a - 6 = 0. Let h(i) = -20*i**2 - 29*i - 20. Let v(z) = 7*z**2 + 10*z + 7. Let o(d) = -6*h(d) - 17*v(d). What is o(r)?
-2
Let o(w) = -w**2 - 4*w. Let j be (-9)/12 - (-12)/16. Suppose j*u = -5*u - 25. Let y = 3 + u. What is o(y)?
4
Let p(c) be the first derivative of 2*c**3/3 + 3*c**2/2 - 3*c + 7. What is p(-3)?
6
Suppose -3*w - 1 = -4*g - g, 4*g = 3*w - 1. Let z(d) = d - 4. What is z(w)?
-1
Suppose -4*l = 2*m - 14, 4*m + 2*l = -l + 23. Let i(p) = 2*p + 4. What is i(m)?
14
Let a be 0/((-2 - -2) + -2). Let n(j) = j**2 + j + 8. Determine n(a).
8
Let b(x) be the second derivative of -x**3/3 - 2*x. Calculate b(4).
-8
Let j = -4 - -8. Suppose 0 = -2*s + 3*w - 6, -s + w = -j + 5. Let q(c) = c**2 - c - 2. Give q(s).
4
Let j(l) = -4*l**3 + 3*l**2 - 7*l + 6. Let g(r) = r**3 - r**2 + r - 1. Let w(n) = 5*g(n) + j(n). Calculate w(3).
4
Let q(y) = -6*y**3 + 5*y**2 + 1. Let x(t) = t**3 - t**2 + 1. Let n(w) = -q(w) - 5*x(w). What is n(0)?
-6
Let l(q) = q - 2. Let o be 3 + -4 + 9/3. Suppose -5*x + 3 = 5*k - o, -5*x + 6 = 4*k. What is l(x)?
0
Let b(k) = -k**2 - 3*k + 3. Suppose 2*l - 1 + 2 = 5*y, 4*y + 12 = 0. Let r = l - -2. Give b(r).
-15
Suppose 6*h - h = -n + 19, n - 4*h = -8. Let r(d) = 2*d**3 + 2*d**2 - 1 + 2*d**2 - 3*d**3. What is r(n)?
-1
Let k be 3/2*56/21. Suppose 2 = -2*r - 4, 0 = 3*t + k*r - 3. Let i(y) = 0*y - 3 - 3*y + 4*y - 8. Give i(t).
-6
Let w be ((-8)/20)/(2/(-10)). Let n(l) = l**3 - 2*l**2 + 2*l + 1. Determine n(w).
5
Let h(t) = t**2 - 8*t - 2. Let q = -2 - -8. Determine h(q).
-14
Let u(l) = 3*l**2 + 1 + l**3 + 7*l**2 - 5*l**2. Suppose -12 = -4*b + 12. Let z be (10/b)/((-1)/3). Calculate u(z).
1
Let z(v) be the first derivative of -v**3/3 - 7*v**2/2 - 4*v + 9. Determine z(-3).
8
Let r = -1 + 3. Suppose s = -r*s. Let v(b) = -b**2 + b + 2. Determine v(s).
2
Let k(u) = -u - 1. Let g(r) = -r**2 - r. Let z(v) = g(v) - k(v). Let h be z(-3). Let a(w) = 2*w + 8. Determine a(h).
-8
Let m(i) be the third derivative of i**6/120 - i**5/12 + i**4/8 + 2*i**3/3 + 17*i**2. Determine m(3).
-5
Let u(t) be the second derivative of -t**5/20 - t**4/12 + t**3/2 + 3*t**2/2 - 2*t. Let p be (-18)/81 - 76/(-18). Suppose 0*g + p = -2*g. Calculate u(g).
1
Let y(p) be the third derivative of p**5/60 + 7*p**4/24 + 5*p**3/6 + p**2. Let x be ((-2)/(-4))/((-2)/20). Determine y(x).
-5
Let p(s) = 4*s**2 - 2. Let o be p(-3). Suppose -4*m + 2 = o. Let b be (4/m)/(3/(-12)). Let c(n) = n**3 - n**2 + 2*n - 2. Calculate c(b).
6
Let z = 0 + 10. Let r be 4/(-10)*z/(-2). Let v(x) = x**3 + x - 1. Let c(y) = 5*y**3 + 3*y**2 + 3*y - 4. Let h(d) = -c(d) + 6*v(d). Determine h(r).
0
Let n(h) be the third derivative of h**5/60 - 5*h**4/24 + 2*h**2. Let b = -4 + 9. Calculate n(b).
0
Let w(g) = -g**2 + g - 1. Let v = 0 + 4. Let x(h) = v*h**2 + 0*h + h - 2 - 8*h**2. Let n(c) = 2*w(c) - x(c). Calculate n(-1).
1
Let o(l) = l + 0*l + 0*l**2 + l**3 - 2*l + 7 - l**2. Let g be -3 - -2 - (7 + -1). Let r be (-2)/g - (-2)/(-7). Give o(r).
7
Let c(k) = 9*k - 9. Let w(z) = 2*z - 2. Let p(b) = -6*c(b) + 26*w(b). Suppose q = -o + 2, -5*q + 13 = 3*o + 3. Suppose -2*j = q*j + 8. Determine p(j).
6
Let b(a) be the third derivative of -a**5/30 + a**4/24 - a**3/6 + 6*a**2. Calculate b(2).
-7
Let g(m) be the third derivative of m**6/120 - m**5/12 + m**4/6 + 5*m**3/6 + m**2. Let a(l) = l + 9. Let u be a(-5). What is g(u)?
5
Let h(j) = 14*j**2 + 3*j + 1. Let c(f) = 14*f**2 + 4*f + 1. Let q(i) = 3*c(i) - 4*h(i). Determine q(1).
-15
Suppose p + 4*v - 6 = 0, -4*v = 3 - 7. Suppose 3*s + p*h = s - 10, 1 = s - 5*h. Let r be (-2)/(2 + s)*1. Let l(f) = 7*f**2. What is l(r)?
7
Suppose 4 = -g - 5*j - 8, 5*j + 21 = 2*g. Let t(s) = s - s**3 - 5 + 0*s**2 - s**2 - g + 2. Determine t(0).
-6
Let g(j) = j**3 - 6*j**2 + 5*j. Suppose 9 = -n + 2. Let b = 12 + n. Give g(b).
0
Let y(a) = a**2 - 2*a - 3. Let r(t) = -t - 4. Let x be r(0). Let i(p) = p - 1. Let d be i(9). Let h = d + x. Calculate y(h).
5
Suppose -1 - 9 = -5*r. Let l(n) = -n - 5. Let j(t) = -1. Let c(x) = r*l(x) - 11*j(x). What is c(-2)?
5
Let f(a) = 3*a + 6 - 5 - 4 - 4. Give f(6).
11
Suppose 6 = -3*k - 3. Suppose -3*s = -r - 6, s = -3*r + 2*r - 2. Let t = s + k. Let j(u) = -3*u**2 - u + 1. Determine j(t).
-9
Let w = -28 + 39. Let d(t) = 3*t - 4*t - w + 0 - 1. Suppose 0 = -2*n - 15 + 5. What is d(n)?
-7
Let r(p) = p + 5. Suppose 37 = -5*j + 2*v - v, 0 = 3*j - 2*v + 18. Determine r(j).
-3
Suppose -32 = -5*w - 12. Let a = w + -4. Let p(x) = -2*x**2 + x**2 + 2*x**2 + 2. Give p(a).
2
Let x(k) = 7*k - 4. Let s(p) = 8*p - 4. Let m(g) = 6*s(g) - 7*x(g). Give m(3).
1
Let a be (1/(-1) - 3)/1. Let b(z) = 0 + 6 - 2 + 1 + 7*z. Let u(q) = 